t s(j) = j**3 - 28*j**2 + 18*j - 2. Determine s(27).
-245
Let i(j) = 9*j**3 - 16*j**2 - 23*j + 44. Give i(2).
6
Let s(b) = b**2 - 47*b + 123. What is s(44)?
-9
Let f(p) = -2*p**2 - 6*p + 135. Give f(12).
-225
Let o(x) = -28*x - 547. What is o(-20)?
13
Let u(a) = -34*a - 3963. Determine u(-116).
-19
Let z(x) = -17*x**2 + 99*x + 20. What is z(6)?
2
Let g(w) = 58*w - 817. Calculate g(35).
1213
Let q(p) = p**2 - 9*p - 8. What is q(0)?
-8
Let b(n) = 2*n**2 + 232*n + 1300. Determine b(-110).
-20
Let y(q) = 66*q**2 + 220*q + 61. What is y(-3)?
-5
Let k(y) = -y**3 - 75*y**2 - 151*y - 378. Determine k(-73).
-13
Let b(x) = -4*x**2 - 17*x - 81. Determine b(-5).
-96
Let r(s) = 79*s**2 + 791*s + 6. Calculate r(-10).
-4
Let r(g) = -25*g**2 - 497*g - 888. What is r(-18)?
-42
Let t(g) = -132*g + 4471. Give t(36).
-281
Let v(b) = -b**3 - 7*b**2 - 53*b - 452. Determine v(-8).
36
Let x(j) = -1529*j - 13779. Calculate x(-9).
-18
Let k(i) = -i**2 + 1097*i + 34974. Give k(-31).
6
Let g(i) = -i**2 - 283*i - 2. Give g(0).
-2
Let i(n) = -2*n**2 + 83*n + 33. What is i(42)?
-9
Let c(y) = y**3 + y**2 - 9*y - 7. Determine c(5).
98
Let q(s) = -42*s**3 + 3*s**2 - 3*s - 5. Give q(-1).
43
Let l(u) = 8720*u + 17440. Give l(-2).
0
Let k(p) = 3*p**3 - 48*p**2 + p + 22. Give k(16).
38
Let n(s) = 128*s - 1500. Determine n(13).
164
Let o(u) = -6295*u + 37770. Give o(6).
0
Let d(w) = 19*w - 346. Determine d(27).
167
Let m(z) = 26*z - 126. What is m(6)?
30
Let k(z) = -14*z**3 - 198*z**2 - 25*z + 39. Give k(-14).
-3
Let r(l) = -3*l**3 + 67*l**2 - 19*l - 36. Give r(22).
30
Let m(f) = 681*f - 7479. Give m(11).
12
Let a(w) = -w**2 + 7*w + 694. What is a(30)?
4
Let t(w) = -w**2 + 6*w + 13. Give t(7).
6
Let i(g) = -6*g**2 - 73*g + 80. Determine i(-13).
15
Let b(p) = -448*p - 902. Calculate b(-2).
-6
Let h(a) = a**3 + 67*a**2 - 77*a - 615. What is h(-68)?
-3
Let m(h) = -208*h - 1313. Give m(-6).
-65
Let w(d) = 4023*d - 32186. Calculate w(8).
-2
Let m(s) = -s**3 + 6*s**2 - 2*s + 12. Calculate m(4).
36
Let w(p) = -78*p - 10211. Determine w(-131).
7
Let j(c) = 2*c**3 - 41*c**2 - 130*c + 309. Calculate j(23).
-36
Let r(u) = 17*u - 347. Calculate r(18).
-41
Let i(u) = u**3 - 5*u**2 + 12*u - 89. Calculate i(6).
19
Let b(i) = -3*i**2 - 59*i + 342. Determine b(6).
-120
Let q(u) = 102*u**3 + 15*u - 14. Give q(1).
103
Let l(u) = 78*u + 314. Give l(-4).
2
Let q(h) = -3*h**2 + 18*h - 89. What is q(4)?
-65
Let c(p) = -44*p + 700. What is c(16)?
-4
Let n(j) = 148*j + 594. Give n(-8).
-590
Let k(d) = 23*d**3 + d**2 + 17*d + 34. What is k(-2)?
-180
Let l(p) = -6*p**3 - 9*p**2 + 3*p + 4. Give l(2).
-74
Let a(w) = 107*w + 100. Give a(2).
314
Let b(k) = -k**3 - 3*k**2 + 64*k + 22. What is b(7)?
-20
Let a(c) = 1401*c + 40637. Give a(-29).
8
Let i(f) = f**3 - 23*f**2 + 28*f + 56. Determine i(23).
700
Let a(g) = 2*g**2 + 19*g - 34. Calculate a(-9).
-43
Let x(o) = 4*o**3 + 6*o**2 + 128*o + 366. Calculate x(-3).
-72
Let j(w) = 4*w**2 - 105*w + 49. What is j(24)?
-167
Let w(n) = 13*n**2 - 2*n + 39. Give w(-3).
162
Let c(b) = -b**3 + 56*b**2 - 104*b - 200. What is c(54)?
16
Let l(d) = d**2 + 20*d + 105. What is l(-16)?
41
Let z(l) = -30*l - 5. Calculate z(2).
-65
Let s(y) = 3*y**2 - 101*y - 1065. What is s(-9)?
87
Let j(z) = z**2 + 440*z + 29922. Determine j(-84).
18
Let n(b) = 57*b**2 + 34*b - 27. What is n(1)?
64
Let l(b) = b**2 - 8*b - 48. Give l(-9).
105
Let u(q) = 10*q**3 - 6*q**2 - 11*q - 16. Determine u(-2).
-98
Let l(q) = -6*q**2 - 81*q + 36. Determine l(-14).
-6
Let y(v) = -118*v - 70. Calculate y(0).
-70
Let m(s) = -s**3 + 4*s**2 + 42*s - 8. Give m(0).
-8
Let c(j) = -212*j - 1425. Calculate c(-6).
-153
Let f(v) = -v**3 - 27*v**2 + 25*v - 23. Calculate f(-28).
61
Let q(o) = o**3 + 23*o**2 + 30*o + 147. Calculate q(-22).
-29
Let x(p) = p**3 - 2*p**2 - 8*p + 6. Give x(0).
6
Let q(y) = -242*y**2 + 1691*y + 16. Give q(7).
-5
Let b(q) = -q**2 + 53*q - 778. What is b(36)?
-166
Let d(l) = -12*l - 594. Determine d(-50).
6
Let a(t) = -2*t**2 + 12*t + 94. Determine a(-5).
-16
Let r(d) = d**2 + 458*d + 11629. Calculate r(-27).
-8
Let y(c) = 15*c**2 + 36*c + 34. Give y(-1).
13
Let j(f) = f**3 + 34*f**2 + 51*f + 685. What is j(-33)?
91
Let b(a) = -3*a**2 + 4*a + 13. Give b(-4).
-51
Let s(t) = 227*t - 9076. Determine s(40).
4
Let g(a) = -45*a - 1273. Calculate g(-28).
-13
Let k(o) = -4*o**3 + 25*o**2 - 49*o. Determine k(2).
-30
Let u(o) = 995*o - 43811. Give u(44).
-31
Let k(m) = -m**3 - 24*m**2 + 77*m - 95. Calculate k(-27).
13
Let u(a) = 4*a**2 - 13*a + 14. Determine u(1).
5
Let c(n) = -2*n**2 + 53*n + 2. Give c(-1).
-53
Let s(f) = 2*f**2 - f + 23. Determine s(-5).
78
Let q(t) = 46*t - 49. Determine q(2).
43
Let o(q) = -q**2 + 13*q + 47. Determine o(9).
83
Let p(j) = -55*j - 215. Give p(-3).
-50
Let c(z) = 46*z + 5892. Calculate c(-131).
-134
Let o(g) = -94*g + 70. Give o(6).
-494
Let w(f) = 2*f**3 + 172*f**2 - 173*f + 90. What is w(-87)?
3
Let c(k) = k**3 - 17*k**2 - 7*k - 18. What is c(18)?
180
Let d(n) = 3*n**3 - 92*n**2 + 119*n - 1793. Calculate d(30).
-23
Let s(h) = -8*h**3 - 379*h**2 - 149*h - 373. Determine s(-47).
3
Let c(o) = 5*o - 155. Calculate c(35).
20
Let o(r) = -2*r**2 + 114*r + 7491. Calculate o(-39).
3
Let p(z) = -16*z + 1013. Calculate p(62).
21
Let g(m) = -53*m - 378. Calculate g(-5).
-113
Let o(p) = -26*p**2 + 302*p - 159. Give o(11).
17
Let r(v) = 2*v**3 - 12*v**2 + 3*v + 23. What is r(7)?
142
Let i(j) = -175*j - 8747. Give i(-50).
3
Let y(p) = -33*p**3 - 5*p**2 + 8*p - 6. Calculate y(2).
-274
Let o(v) = 14*v + 114. Give o(-9).
-12
Let u(n) = 9*n**2 + 119*n + 9. Give u(-13).
-17
Let y(z) = -589*z - 7071. Determine y(-12).
-3
Let a(g) = g**3 + 12*g**2 - 4*g - 39. What is a(-11)?
126
Let u(d) = -26*d**3 - 14*d**2 - 31*d + 42. Give u(1).
-29
Let j(u) = -u**3 + 21*u**2 - 22*u + 16. Calculate j(20).
-24
Let r(u) = -6*u - 107. What is r(-16)?
-11
Let m(q) = -2*q**2 + 37*q - 43. What is m(14)?
83
Let b(f) = -2*f + 239. What is b(8)?
223
Let l(u) = -49*u + 1608. What is l(33)?
-9
Let t(j) = 76*j - 980. Determine t(13).
8
Let k(b) = -79*b - 1727. Give k(-13).
-700
Let t(j) = -9*j - 70. Determine t(-10).
20
Let u(x) = -x**2 + 227*x - 10221. Calculate u(62).
9
Let k(l) = l**2 + 63*l - 4677. Give k(43).
-119
Let g(w) = 1395*w - 58596. What is g(42)?
-6
Let a(u) = -2*u**3 + 22*u**2 - 13*u + 139. What is a(11)?
-4
Let k(v) = 3*v**2 - 116*v + 60. Calculate k(39).
99
Let w(k) = -37*k + 419. What is w(11)?
12
Let r(x) = x**3 - 95*x**2 + 274*x + 186. Give r(92).
2
Let g(u) = u**3 - 6*u**2 + 315*u - 919. What is g(3)?
-1
Let g(c) = -3*c**2 - 107*c + 153. Calculate g(-34).
323
Let o(j) = 142*j - 556. Determine o(5).
154
Let z(x) = -173*x**2 + 693*x + 4. What is z(4)?
8
Let o(c) = -6*c**3 - 834*c**2 + 6*c + 831. Give o(-139).
-3
Let v(p) = -660*p - 1432. Give v(-2).
-112
Let g(c) = c**2 + 56*c - 1. Give g(0).
-1
Let m(t) = t**2 - 5*t + 82. Give m(7).
96
Let l(k) = -68*k - 604. Determine l(-8).
-60
Let u(o) = o**3 + 47*o**2 - 263*o - 165. Determine u(-52).
-9
Let x(h) = 18*h**2 + 269*h - 11. Calculate x(-15).
4
Let t(a) = -2*a**3 - 49*a**2 + 369*a + 7. Calculate t(6).
25
Let l(m) = -24*m - 570. What is l(-25)?
30
Let r(u) = -4*u**2 - 85*u - 18. Calculate r(-21).
3
Let c(n) = 2*n**3 - 11*n**2 - 48*n + 47. What is c(8)?
-17
Let s(t) = -4*t**2 - 15*t. Determine s(-3).
9
Let g(i) = -i**2 + 442*i + 7296. What is g(-16)?
-32
Let u(d) = 3084*d - 18484. Calculate u(6).
20
Let i(b) = -1308*b - 27461. Determine i(-21).
7
Let v(d) = d**2 - 30*d - 4009. Give v(80).
-9
Let t(p) = -127*p - 2792. Determine t(-22).
2
Let j(i) = 26*i - 311. Determine j(14).
53
Let w(i) = -11*i**2 + 25*i - 37. What is w(2)?
-31
Let v(g) = g**3 + 27*g**2 + 113*g + 1563. Calculate v(-25).
-12
Let k(c) = 74*c**2 + 73*c + 76. Determine k(-1).
77
Let g(t) = t**2 - 33*t + 111. What is g(24)?
-105
Let g(p) = -4*p**2 - 209. What is g(-11)?
-693
Let c(l) = -3572*l + 21432. Give c(6).
0
Let x(d) = -2*d**2 + 57*d - 101. Give x(2).
5
Let t(j) = -j**3 - 19*j**2 + 172*j + 15. Calculate t(7).
-55
Let x(r) = -2*r**3 - 47*r**2 - 100*r + 77. Calculate x(-3).
8
Let l(z) = -7*z + 73. Calculate l(17).
-46
Let i(c) = -c**3 + 6*c**2 + 192*c + 31. Determine i(-11).
-24
Let k(y) = 120*y**2 - 57*y - 45. Calculate k(-1).
132
Let y(r) = -13*r + 1386. What is y(101)?
73
Let i(c